alculate the highest common divisor of 22 and m.
11
Let v(q) = q**2 - 6*q - 1. Let p be v(6). Let s(d) = 106*d**2 + 3*d + 2. Let m be s(p). Calculate the highest common factor of m and 15.
15
Let s be -25*5/(-50)*(33 - 1). What is the highest common factor of 2240 and s?
80
Suppose -93 = -5*d - 73. Let k be -2 + 42/3 + 0. Calculate the greatest common factor of k and d.
4
Let h(y) = 17*y**2 - 33*y + 25. Let x be h(5). What is the highest common divisor of x and 60?
15
Let z(s) = s**2 - 5*s - 111. Let f be z(-14). Let k = -60 + 108. Suppose -5*r - 4*j + 99 = -k, 2*j + 4 = 0. Calculate the highest common divisor of r and f.
31
Let y(f) = 11*f - 1. Suppose 0 = i, -l - 2*l + 6 = -4*i. Let v be y(l). Let w be v + (-3 - -2) + 2. Calculate the greatest common factor of 2 and w.
2
Let i(m) = 12*m**3 - 2*m**2. Let u be i(2). Suppose 0 = -32*k + 27*k - 45. Let s be 5 - (-5 - k) - -7. What is the highest common divisor of s and u?
8
Let y be ((-99)/55)/((-2)/10). Calculate the highest common divisor of y and 99.
9
Let m = 200 + -173. Calculate the highest common factor of 3 and m.
3
Suppose 6*q = -0*q + 114. Let r be (q/(-38))/((-1)/84). What is the greatest common factor of r and 14?
14
Let d(h) = h**2 + 9*h + 6*h**2 - h**2 - 12*h - 10 - h**3. Let s be d(4). What is the greatest common factor of s and 170?
10
Let l(q) = q**2 - 27*q - 19. Let v be l(28). What is the greatest common divisor of v and 117?
9
Let w(d) = -2*d**3 - 5*d**2 + 3*d + 3. Let q be w(-3). Suppose 166 = 4*o + 3*z + 25, 3*z + 57 = 2*o. Calculate the highest common factor of o and q.
3
Let x be 1 + 1*-2 + 16. Let z(p) = 3*p**2 - 6*p - 294. Let i be z(13). Calculate the greatest common divisor of i and x.
15
Let g(j) = -j**3 - 11*j**2 + 9*j + 32. Let y be g(-12). What is the greatest common factor of y and 1564?
68
Suppose 14*b - 3*b - 715 = 0. Suppose -44 = -2*k - 6*z + 4*z, 4*z + b = 5*k. Calculate the greatest common factor of k and 68.
17
Let t(m) = -4*m**2. Let c be t(-1). Let o be ((-220)/6)/(c/6). Let a(f) = f + 11. Let r be a(0). What is the highest common divisor of r and o?
11
Let y(o) = 1 + 2 - 4*o - 3 - 1 + o**2. Let d be y(9). Suppose v + 8 - d = 0. What is the greatest common divisor of 4 and v?
4
Suppose u - 2*i - 24 = 0, -122 = -4*u + 3*i - 8*i. Suppose -4*q + 428 = 4*t, 125 = -4*t + 4*q + 593. Calculate the highest common factor of u and t.
28
Suppose l = 35 + 478. What is the highest common divisor of l and 9?
9
Suppose -45 = -10*d + 5*d. Let c be (-5)/(-10) - 5/2. Let q be 164/6 - c/(-6). What is the greatest common divisor of q and d?
9
Suppose 4*s - 5*s = 62. Let p = s + 146. Let j be (-1 - -43 - 0)/(((-312)/(-16))/13). What is the highest common divisor of j and p?
28
Suppose -2*p = 4*j - 1176, -3*j - p = -327 - 553. Let h = -175 + j. Let t = 58 - 45. Calculate the greatest common factor of h and t.
13
Suppose -5*o = -4*t + 173, 0 = -7*t + 11*t + o - 143. What is the highest common factor of 5 and t?
1
Let q be 16/12*27/2. Suppose 0 = 10*x + 21*x - 744. Calculate the greatest common factor of q and x.
6
Suppose t + 5*b = -22, t - 2*b = 3*b + 28. Let x be 0 + 20/(2 + t). Let d be (10 - 0)*x/10. Calculate the highest common divisor of 10 and d.
2
Let s be (-20300)/(-377) - (-2)/13. What is the highest common divisor of 135 and s?
27
Let u = 389 + -321. What is the greatest common divisor of 1972 and u?
68
Let u be (-10)/45 + (-6)/27*-2071. What is the highest common divisor of u and 20?
20
Let k(v) = -v**2 - 32*v + 59. Let z be k(-28). What is the highest common factor of 19 and z?
19
Suppose 4*p + 2 = 2*n, p = -n + 1 - 3. Let i = 16 + n. What is the highest common factor of 165 and i?
15
Suppose 0 = 3*j + 2*n - 215, 0 = j + j + 2*n - 146. Let k = 111 - j. Calculate the highest common factor of 70 and k.
14
Let a = -44 - -36. Let o be a/(8/4)*-2. Calculate the highest common factor of 2 and o.
2
Let y(b) = -2*b**3 - 23*b**2 + 9*b - 12. Let n be y(-12). Suppose 4*q - 182 = 106. What is the highest common factor of q and n?
24
Suppose 0 + 5 = 5*r. Let i be 3*1 - (r + -60). Let m(q) = -q**3 + 8*q**2 + 6*q - 15. Let p be m(6). Calculate the highest common factor of p and i.
31
Let h = 548 + 92. Calculate the highest common factor of 32 and h.
32
Let h(o) = o**2 - 18*o + 33. Let i(r) = -r + 1. Let n(x) = h(x) - 6*i(x). Let g be n(12). Calculate the highest common divisor of g and 27.
27
Suppose -n = -3*w - 2*n + 20, -3*n + 35 = 4*w. Suppose 7 = -w*g + 52. Let d be 3/((-282)/144 + 2). What is the highest common divisor of d and g?
9
Let n be -120*(-4 - 1/(-2)*7). Suppose 0 = 15*a - 5*a - n. Calculate the greatest common divisor of a and 48.
6
Let y be 4/(-5) + (-216)/(-45). Suppose 0 = 2*d + 2, 3*d - 5 = 3*f - y*f. Calculate the highest common divisor of 72 and f.
8
Let z(i) = 9*i - 59. Let t be z(17). Let p = t + -64. Let g be ((-2)/(-4))/((-1)/(-12)). Calculate the greatest common factor of p and g.
6
Let x(w) = w**2 - 3*w - 14. Let f be x(6). Suppose -3*d - 3*b = -33, 1 + 19 = f*b. Calculate the greatest common factor of 3 and d.
3
Let c be -1 - 7/((-7)/106). Calculate the greatest common factor of 45 and c.
15
Let r(u) = 3*u**2 + 4*u**2 - 4*u**2 + 0*u - u. Let x be r(-2). Let g(h) = -6*h + 12. Let o be g(-5). What is the highest common factor of x and o?
14
Suppose -61 + 403 = 3*c. What is the greatest common factor of c and 38?
38
Let y(v) = -v**2 + 35*v - 10. Let z be y(34). Let c = 12 - -48. Calculate the highest common factor of z and c.
12
Let b(d) = -1. Let z(t) = t**2 + 18*t - 12. Let k(j) = b(j) + z(j). Let q be k(-19). Calculate the highest common divisor of q and 4.
2
Let x = 420 - 410. What is the highest common divisor of x and 750?
10
Suppose 0 = -s - 4*f + 73, 2*s + 5*f = -0*f + 143. What is the highest common divisor of 6 and s?
3
Let w(u) = -66*u**3 + 5*u + 5. Let r be w(-1). Calculate the greatest common divisor of r and 22.
22
Let b(a) = 288*a - 545. Let p be b(9). Calculate the greatest common factor of 89 and p.
89
Suppose -s + 60 = 2*s. Let k(b) = 14*b + 388. Let m be k(-22). What is the greatest common divisor of s and m?
20
Suppose -5*y = 4*h - 35, 50 = 4*h + 3*y - y. Suppose 12*x - h*x = -54. Calculate the highest common factor of x and 27.
9
Let t(c) = 3*c**2 + 6*c + 16. Let v be t(-7). Let j = v - -212. Calculate the greatest common divisor of j and 37.
37
Suppose 11*p + 16*p = 81. What is the highest common factor of p and 93?
3
Let g be 0/((-2)/(-2)*-1). Let r be (-44)/(-1) - g/(-4). What is the greatest common factor of 11 and r?
11
Let y(w) = w**2 - 5*w + 3. Let p be y(13). Suppose -3*l + 14 = 2*g - p, 2*g - 133 = l. Calculate the greatest common factor of 13 and g.
13
Suppose 23*q = 456 - 88. What is the greatest common factor of 88 and q?
8
Let r = 145 - 64. Suppose r = -4*b + 7*b. Calculate the highest common factor of b and 27.
27
Let j(y) = 31*y + 141. Let z be j(-4). Calculate the greatest common factor of z and 459.
17
Suppose -1 = 3*y - 4. Suppose 62*z - 3*a = 68*z - 54, -3*a - 36 = -4*z. What is the greatest common factor of y and z?
1
Let t = 729 + 232. Calculate the highest common divisor of t and 31.
31
Suppose -1299 = -4*g + b, -4*b - 87 + 1695 = 5*g. Calculate the greatest common divisor of 36 and g.
36
Let d = 69 - 65. Suppose -4*r - 2*h + 4*h - d = 0, -5*r - 4*h = -21. What is the greatest common factor of r and 2?
1
Let i = -1189 + 1202. Calculate the highest common factor of 1313 and i.
13
Let c(d) = -5*d + 5. Let t = -13 + 9. Let q be c(t). What is the greatest common factor of 5 and q?
5
Let v = -32 - -32. Suppose 2*r - 122 = 40. Suppose v = -3*s + 9, s + s = -5*m + r. Calculate the greatest common divisor of 120 and m.
15
Let l = -16 + 33. Suppose -87 = -6*z + 147. Let f = -22 + z. What is the highest common factor of f and l?
17
Let h(d) = -3*d - 3*d + 6 + 5*d. Let y be h(-9). What is the highest common divisor of 15 and y?
15
Let c(k) = -2*k**3 + 1 + k**3 + 4*k**2 + 16*k**3 - 6*k**2. Let p be c(-1). Let g be (-18)/63 - p/7. What is the greatest common divisor of g and 16?
2
Suppose -3*x - 155 - 508 = -3*w, x = -4*w + 904. Suppose -5*f + 215 = -7*y + 4*y, 5*f - 5*y - w = 0. Calculate the greatest common divisor of f and 4.
4
Let s(y) = 265*y**2 + y - 2. Let l be s(1). Let t(i) = -11*i. Let b be t(-3). What is the 